23452632953 composite?
False
Is 164494651081 prime?
True
Is 1370552503 prime?
True
Is 191047709 a prime number?
True
Is 101236339493 composite?
True
Is 7717480523 prime?
True
Is 150932863 a prime number?
True
Is 6360289069 a composite number?
False
Is 195741019 prime?
True
Is 67487329379 composite?
True
Is 5316165839 composite?
True
Is 902256709 composite?
True
Is 58004341091 composite?
False
Is 6582015913 prime?
False
Is 6667349287 prime?
True
Is 9741889963 composite?
True
Is 65092402871 prime?
True
Is 8574197683 a prime number?
False
Is 23254563713 a composite number?
False
Is 7129381621 prime?
True
Is 14139293797 a composite number?
True
Is 188394839 composite?
False
Is 1370750399 a prime number?
True
Is 11291745719 composite?
False
Is 31170259171 a prime number?
True
Is 9716007949 composite?
False
Is 5505973961 a composite number?
False
Is 311544029 a composite number?
False
Is 2847039179 a composite number?
False
Is 1593622061 composite?
True
Is 3905342849 prime?
False
Is 1525683723 prime?
False
Is 21159349391 prime?
True
Is 187549212791 prime?
False
Is 17666342763 prime?
False
Is 1368751729 composite?
False
Is 3762689717 a prime number?
True
Is 5481145471 a prime number?
True
Is 5670225619 a prime number?
True
Is 1241812969 a prime number?
True
Is 1501254655 a prime number?
False
Is 1238955577 a composite number?
False
Is 1074459167 composite?
False
Is 12851788657 a composite number?
False
Is 65104275793 composite?
True
Is 4398183481 a composite number?
False
Is 2673828109 prime?
False
Is 543043458313 prime?
True
Is 166204716029 prime?
False
Is 8805995021 prime?
True
Is 220966511 a composite number?
True
Is 148085309 a composite number?
True
Is 466251367 a prime number?
False
Is 4458522281 composite?
False
Is 3696951451 composite?
False
Is 4579424281 prime?
True
Is 1521725141 composite?
False
Is 10417591839 a composite number?
True
Is 23134636139 a prime number?
True
Is 9757309781 a prime number?
False
Is 8025241099 prime?
False
Is 20957721583 prime?
False
Is 16369225841 a prime number?
True
Is 2668975447 a prime number?
True
Is 8540647579 composite?
False
Is 6297790937 a prime number?
False
Is 8101151119 a composite number?
False
Is 8404337543 a composite number?
True
Is 267393241 a prime number?
False
Is 217733962099 a composite number?
True
Is 373307 composite?
True
Is 104596865323 a composite number?
True
Is 10959772589 a prime number?
True
Is 9059330893 prime?
True
Is 4270184587 a composite number?
False
Is 4305079187 composite?
True
Is 12517594933 prime?
False
Is 1024221907 a composite number?
False
Is 3258256277 composite?
False
Is 1632530183 a prime number?
True
Is 10528850617 a prime number?
False
Is 11674526987 a prime number?
True
Is 56601964157 a composite number?
True
Is 3831491621 composite?
True
Is 900319733 a composite number?
True
Is 222826849 a prime number?
False
Is 5809855951 prime?
True
Is 1513626321 a prime number?
False
Is 17617693811 composite?
False
Is 83811072193 a prime number?
True
Is 3956674011 a composite number?
True
Is 4343473987 a composite number?
True
Is 56036048993 prime?
True
Is 10982757631 a prime number?
True
Is 2018376106 a prime number?
False
Is 13608791717 a composite number?
True
Is 143991779 a prime number?
True
Is 73852043 composite?
True
Is 878358629 prime?
True
Is 5672626811 a composite number?
False
Is 118854347 a composite number?
True
Is 50156135 a composite number?
True
Is 888481939 prime?
False
Is 5425573669 prime?
True
Is 20268955763 a prime number?
False
Is 4301951079 prime?
False
Is 787907101 composite?
False
Is 178099363373 prime?
True
Is 4282858501 prime?
False
Is 8110428467 composite?
False
Is 157967807 a composite number?
True
Is 1609891061 a prime number?
False
Is 468468401 a composite number?
True
Is 375244651 prime?
True
Is 7145184799 prime?
True
Is 85840931354 a prime number?
False
Is 25853852977 prime?
False
Is 39757699 prime?
True
Is 128698669174 a prime number?
False
Is 3120312827 prime?
True
Is 13059917929 a prime number?
True
Is 9730201706 a prime number?
False
Is 49017132851 a prime number?
True
Is 235402653 composite?
True
Is 14533884269 a composite number?
False
Is 39422615303 a composite number?
True
Is 32062225719 prime?
False
Is 3124342583 composite?
False
Is 2189972809 a prime number?
False
Is 1315245427 a composite number?
False
Is 529692763 composite?
False
Is 53208346693 a composite number?
False
Is 245756099 composite?
False
Is 12100290113 a prime number?
True
Is 485101453 prime?
False
Is 2593207019 a composite number?
True
Is 2211511733 a prime number?
False
Is 12149778629 a composite number?
False
Is 32208417731 a prime number?
False
Is 2219615381 composite?
False
Is 93884644211 a composite number?
True
Is 89241966227 composite?
False
Is 17534625907 composite?
False
Is 1506941147 a composite number?
True
Is 26910006017 a composite number?
True
Is 16516356061 prime?
False
Is 41498162623 a composite number?
False
Is 27905947 a composite number?
True
Is 20693960377 composite?
False
Is 10319053135 a prime number?
False
Is 13675547542 a composite number?
True
Is 83430402877 a composite number?
False
Is 1519156841 a composite number?
True
Is 3911942537 prime?
True
Is 85547327861 composite?
False
Is 4679004269 composite?
False
Is 504949147 a composite number?
True
Is 3388855627 a composite number?
True
Is 212271373 prime?
True
Is 32604412039 prime?
True
Is 336230107 a prime number?
True
Is 21694561789 a prime number?
False
Is 72595964279 a prime number?
False
Is 79578731 a composite number?
False
Is 455540023 a prime number?
False
Is 12679475743 composite?
True
Is 960668201 a prime number?
True
Is 867549277 a prime number?
False
Is 1751101993 a prime number?
True
Is 774573197 composite?
False
Is 293976281 composite?
True
Is 54395617 composite?
True
Is 218371856383 composite?
True
Is 4163118007 a composite number?
False
Is 26212507 a composite number?
False
Is 2361639403 composite?
False
Is 845554106327 composite?
True
Is 528888937 composite?
False
Is 2707134047 a composite number?
False
Is 52535850641 a prime number?
False
Is 555641103 a prime number?
False
Is 2084383973 a prime number?
False
Is 442553723 a prime number?
True
Is 6650881753 a prime number?
False
Is 1586460299 a composite number?
False
Is 15351445559 a composite number?
False
Is 267747653 prime?
False
Is 52533101503 prime?
True
Is 13732765127 prime?
False
Is 120414602387 composite?
False
Is 22519823059 a prime number?
True
Is 24926077843 a composite number?
True
Is 5167900583 a prime number?
False
Is 154308499 prime?
True
Is 270740033 a composite number?
False
Is 758407187 composite?
False
Is 4977127667 a prime number?
True
Is 910190453 a composite number?
True
Is 1052645233 composite?
False
Is 6686667011 a composite number?
True
Is 7575446863 prime?
False
Is 26475843929 a prime number?
True
Is 76239791 prime?
True
Is 1315467583 a prime number?
True
Is 334818863 prime?
False
Is 641911487 prime?
False
Is 776479829 composite?
False
Is 318608483 composite?
True
Is 15516147 composite?
True
Is 1895578427 a prime number?
False
Is 12108804287 composite?
True
Is 1828395857 a composite number?
True
Is 45007607663 composite?
True
Is 99418130341 a prime number?
True
Is 546960163 prime?
False
Is 2231849537 prime?
False
Is 704912491 composite?
False
Is 241558643 composite?
True
Is 431701409 a prime number?
False
Is 2548810807 composite?
False
Is 20250991997 a composite number?
False
Is 192778602701 prime?
False
Is 1030606579 composite?
True
Is 4304082511 a prime number?
True
Is 50024707177 composite?
True
Is 457088329 prime?
False
Is 411445451 composite?
False
Is 2548940731 composite?
True
Is 208419733 prime?
False
Is 59159131 a prime number?
False
Is 559715179 a composite number?
False
Is 3568190693 prime?
True
Is 546063519 prime?
False
Is 25690213691 composite?
False
Is 5375141789 composite?
False
Is 8079661 a composite number?
True
Is 9374383433 a prime number?
True
Is 12109402049 prime?
False
Is 5002345427 a composite number?
False
Is 1535179103 a composite number?
True
Is 7532673689 prime?
False
Is 1361908153 a composite number?
True
Is 9976314973 a composite number?
False
Is 873340207 a prime number?
True
Is 844332197 a prime number?
True
Is 647587417 a composite number?
False
Is 775435273 composite?
T